f u and 216.
1
Suppose -2*r - p = -3*p - 70, -2*r + 73 = -3*p. Suppose -43373 = -617*w + 155447 + 18364. Calculate the highest common divisor of w and r.
32
Suppose -501 = -725*g + 775*g - 8101. What is the greatest common divisor of 2147 and g?
19
Let u = -174 - -249. Let m be -2 - (6 - 3 - 2). Let t be m/6*2*-30. Calculate the highest common factor of t and u.
15
Suppose 0 = -5*v - 2*o + 1, -v = 5*o - 0*o + 9. What is the highest common factor of v and 347?
1
Let a be (-536)/30 - (-76)/(-570). Let z(g) = -2*g**2 - 42*g - 69. Let y be z(a). What is the greatest common divisor of y and 91?
13
Suppose -20723 = 4*y - 16*y + 529. What is the greatest common divisor of y and 253?
253
Let t = -375 + 382. Suppose 2*w + 11 - 17 = 0. Suppose w*h - 19 = 44. Calculate the highest common factor of t and h.
7
Let f = -14592 + 14736. Calculate the highest common divisor of 15480 and f.
72
Let s = -5562 + 3206. Let j be (s/(-57))/(2/3). Calculate the greatest common factor of 2 and j.
2
Let t = -23 - -26. Let q = -25 - -25. Suppose 2*z - 54 = 4*f, q = f + t + 2. What is the highest common factor of 51 and z?
17
Suppose -25 = -5*c, g + 10 = 3*c - 9. Let u be ((-32)/(-12))/g - (-498)/(-9). Let f = u - -71. What is the greatest common factor of f and 45?
15
Suppose 725 = 2*f + 3*f. Let v be 2 - ((0 - 1) + -2). What is the greatest common divisor of f and v?
5
Suppose 37*a - 2*a = 6720. Calculate the highest common divisor of 392 and a.
8
Let g(i) = 6*i + 12. Let o be g(-3). Let j(c) = c**2 + 7*c + 9. Let m be j(o). Suppose -4*u + 39 = m. Calculate the greatest common factor of 81 and u.
9
Suppose -3*j = 4*d - 26, d - 2*j = -0*d + 12. Let v(n) = n**3 - 8*n**2 + 4*n - 16. Let r be v(d). What is the highest common factor of 64 and r?
16
Let j(f) = 4*f + 12. Suppose -2*q - 4*i + 16 = -6*q, -q - 4*i = -11. Let m be j(q). Calculate the greatest common divisor of 44 and m.
4
Let s(w) = -5*w + 19 + 4*w + 3 + 15*w**2 - w**3. Let h be s(15). Let i be h/((-2)/(2 + -4)). Calculate the greatest common divisor of i and 28.
7
Suppose 3*l - 4*t = 18305, 5*t - 6*t = -2*l + 12200. What is the highest common divisor of l and 114?
57
Let b(p) = p**2 + 2*p - 4. Let a be b(-6). Let g(d) = 4*d**2 + 16*d + 80. Let h be g(-4). What is the highest common factor of a and h?
20
Suppose 4*o - 4*y = 6*o - 32, -o + y = -1. Let l be 0 - 91*(216/(-14))/o. Calculate the highest common divisor of l and 78.
78
Let b be (-30)/495*9/(-1) + 9030/385. Calculate the greatest common divisor of b and 278.
2
Let x(v) = -v - 3. Let a be (-112)/24 - 1/3. Let d be x(a). Let s be (-4 - -25) + -1 - d. What is the greatest common divisor of s and 162?
18
Let y = -861 + -199. Let j = -224 - y. What is the highest common factor of 44 and j?
44
Suppose 1166*l + 53700 = 1196*l. What is the highest common factor of l and 70?
10
Let b = -2503 - -2612. Calculate the highest common divisor of b and 5995.
109
Let a = -34 + 126. Let i be (1785/(36 + -21) + -4 + 0)/1. What is the highest common factor of i and a?
23
Suppose -3*g + 718 = 341*o - 345*o, 3*o - 15 = 0. Calculate the highest common factor of g and 24.
6
Let i(q) = -37*q**3 - 2*q**2 + 3*q + 2. Let x be i(-2). Let r = x + -221. Calculate the greatest common divisor of r and 168.
21
Suppose 4*f - 212 = -44. Let b(r) = 18 - 15*r - 19 - 3 - 13. Let t be b(-3). What is the highest common divisor of t and f?
14
Suppose 2*v - q = 656, -v - 2*v - 2*q + 984 = 0. Suppose 7*w - 178 = -2*o + 9*w, -4*o + v = 3*w. Calculate the highest common factor of o and 340.
85
Let k = -103 - -96. Let i(m) = -m**2 - 18*m - 11. Let z be i(k). Let a = 123 - 79. Calculate the greatest common divisor of a and z.
22
Suppose s + 4*s - 10 = 0. Let w be 1 + 11/((-11)/(-27)). Suppose -s = -6*q + w. Calculate the highest common divisor of 125 and q.
5
Suppose 4*s = 2*s + z + 68, -3*s - z + 112 = 0. Let y(w) = w**3 - 5*w**2 + w + 4. Let m be y(5). What is the greatest common divisor of s and m?
9
Suppose d = -646*i + 650*i + 81, 30 = -5*i. Calculate the highest common factor of 2717 and d.
19
Let i be (11 + 4884/36)*(4 - -5). Calculate the highest common factor of i and 1440.
120
Let u be 755/15 - (7/3 + -2). Suppose 2*p + 74 = 2*f + 4*p, 2*f - u = 4*p. Suppose -f + 9 = -4*s. Calculate the highest common divisor of 66 and s.
6
Let d(j) = -j**3 + 7*j**2 - 9*j - 7. Let g be d(4). Suppose 5*m + 719 = 2*l, -g*m = -2*l + l + 347. What is the greatest common divisor of 36 and l?
12
Suppose 290*w = -173*w + 36*w + 1976156. What is the highest common factor of w and 416?
52
Suppose 216 = 3*l - 0*w + 3*w, w = -4*l + 288. Let y(b) = b**2 - 23*b + 24. Let p be y(23). What is the highest common divisor of p and l?
24
Let o(v) = v**3 - 2*v**2 + v + 2. Let s be o(2). Let a be 10*(54/(-15) + s). Suppose a = -10*u + 11*u. What is the greatest common divisor of u and 4?
4
Let h = 303 - 156. Let p = h - 81. Suppose -b - 4*g = -11, -9*b + 5*b - 2*g + 44 = 0. Calculate the greatest common factor of p and b.
11
Let m = -4281 - -4447. Calculate the greatest common divisor of m and 1079.
83
Let q(v) = -301*v - 1. Let x be q(-2). Suppose -n + 301 = -2*u, 3*n + 797*u - 921 = 800*u. Let a = x - n. Calculate the highest common factor of 32 and a.
32
Suppose -2126 = -74*b + 72*b + 4*f, b - 1061 = 3*f. What is the highest common factor of b and 388?
97
Suppose 47*b + 61*b - 97470 = -6*b. Calculate the highest common factor of 585 and b.
45
Let r = -6 - -18. Let g(o) = 3*o + 24. Suppose 3*k + 5*i + 16 = 0, -4*k + i - 15 = -9. Let d be g(k). Calculate the greatest common factor of d and r.
6
Suppose -20*n + 15*n + 235 = -w, 0 = -2*w + 10. Calculate the greatest common divisor of 27240 and n.
24
Suppose -3*o - 10337 = -3*q + 1387, 2*q = 5*o + 7825. Calculate the greatest common divisor of q and 77.
11
Let f(l) = 2*l - 44. Let u be f(23). Suppose u*p = 214 + 38. Calculate the greatest common divisor of 36 and p.
18
Let l(m) = -m**3 - 5*m**2 + 2*m + 6. Let z be l(-6). Let d(k) = 27*k + 21. Let u = -93 + 100. Let i be d(u). What is the highest common divisor of i and z?
30
Suppose 4*n = 11 - 59. Suppose 63 + 33 = 4*j. Let q = j - n. What is the greatest common divisor of 12 and q?
12
Let t(j) = -14*j - 62. Let i be t(0). Let w = i + 84. Let n = 66 - 33. What is the highest common divisor of w and n?
11
Suppose -4*t = -40*t + 543 + 537. What is the highest common divisor of 17745 and t?
15
Let a be 3/(-21)*6*(140/(-3))/1. Let m be (-32)/20*25/(-2). Suppose -3*k = -k - m. What is the highest common divisor of k and a?
10
Let r be (5 + 402/(-30))/(6/(-10)). Let p = 20 + -12. What is the highest common divisor of p and r?
2
Let y = 5162 + -4417. Calculate the highest common divisor of 447 and y.
149
Let a be (-9)/((-1026)/874) + 8/6 + 0. Let p(n) = n**2 + 4*n - 1. Let c be p(-5). Calculate the highest common factor of c and a.
1
Let t(u) = 3*u. Suppose 6*v - v = 10. Let y be t(v). Let h be 46 - (-2)/(-9)*-3*3. What is the highest common factor of h and y?
6
Suppose -3*c + 5*h + 168 = 0, 5*h - 37 - 152 = -4*c. Let x(s) = 5*s - 4*s - 7 - 5*s - 2*s. Let g be x(-4). What is the highest common factor of c and g?
17
Let k be (-12)/(1 + 5)*-1. Let t be (((-24)/(-48))/(k/92))/1. Calculate the highest common divisor of 115 and t.
23
Suppose y + 0 = 16. Suppose 0 = z + 4*b - 21, 13*z - 9*z - 4*b + y = 0. What is the greatest common factor of z and 19?
1
Let i(q) = -q. Let y be i(-12). Let s(d) = 2*d**2 - 115*d + 60. Let a be s(57). Calculate the greatest common factor of y and a.
3
Let z(q) = 5*q - 42. Suppose x + 20 = f + 2*x, 2*x = -4. Let p be z(f). Calculate the highest common divisor of p and 4.
4
Let k(z) = -z**3 + 23*z**2 - 9*z + 37. Let c be k(6). Calculate the greatest common factor of 2618 and c.
119
Let v(g) = 8*g - 92. Let f be v(13). Let o(y) = 5*y**2 - 31*y + 30. Let i be o(f). What is the greatest common divisor of i and 216?
54
Let i = 6397 - 6366. Calculate the highest common divisor of i and 2077.
31
Let w = 24 - -28. Let h = -1816 - -1836. What is the highest common factor of h and w?
4
Let h(r) = 13*r - 4. Let k be h(4). Suppose 0 = -9*v - 23 + 32. Let q be ((-15)/(-10))/(v/(-2)) + k. What is the greatest common factor of q and 30?
15
Suppose -4*c + d - 511 = -4*d, 0 = 4*d + 4. Let t be (-43)/c - 26/6 - -78. What is th